{"id":429,"date":"2014-09-21T21:40:46","date_gmt":"2014-09-21T21:40:46","guid":{"rendered":"http:\/\/riewatanabe.net\/?page_id=429"},"modified":"2020-03-25T20:23:27","modified_gmt":"2020-03-25T20:23:27","slug":"travel-musica","status":"publish","type":"page","link":"http:\/\/riewatanabe.net\/?page_id=429","title":{"rendered":"TRAVEL MUSICA"},"content":{"rendered":"<section id=\"builder-section-1411335657799\" class=\"builder-section builder-section-first builder-section-gallery builder-section-next-text builder-gallery-columns-3 builder-gallery-captions-reveal builder-gallery-captions-light builder-gallery-aspect-landscape\" style=\"\">\n<div class=\"builder-section-content\">\n<div class=\"builder-gallery-item\" onclick=\"return false;\">\n<figure class=\"builder-gallery-image\" style=\"background-image: url(&#039;http:\/\/riewatanabe.net\/wp-content\/uploads\/2014\/09\/Travelmusica-Logo--1024x984.jpg&#039;);\"><\/figure>\n<\/p><\/div>\n<div class=\"builder-gallery-item last-2\" onclick=\"return false;\">\n\t\t\t\t\t\t\t\t\t\t\t<\/div>\n<\/p><\/div>\n<\/section>\n<section id=\"builder-section-1411335664817\" class=\"builder-section builder-section-prev-gallery builder-section-text builder-section-next-gallery builder-text-columns-1\">\n<div class=\"builder-section-content\">\n<div class=\"builder-text-column builder-text-column-1\" id=\"builder-section-1411335664817-column-1\">\n<div class=\"builder-text-content\">\n<p>Die TRAVEL MUSICA -High-powered CHING DONG Band- wurde 2014 von der in K\u00f6ln lebenden Perkussionistin Rie Watanabe gegr\u00fcndet, um die Musik des japanischen Komponisten Yuya Honda (1977-2004) in lebendiger Erinnerung zu halten und in neuen Kompositionen und Projekten weiterzuf\u00fchren. Die Band umfasst professionelle Musiker u.a. aus den Bereichen experimentelle und zeitgen\u00f6ssische Musik und freie Improvisation.<\/p>\n<p>Urspr\u00fcnglich sind CHING-DONG-Bands professionelle Stra\u00dfenmusikkapellen in Japan, die quasi als \u201emusikalische Litfa\u00dfs\u00e4ulen\u201c in Stra\u00dfen und Einkaufspassagen lautstark auftreten, um Kunden in die L\u00e4den zu locken. Der klassisch ausgebildete Komponist und Pianist Yuya Honda hat diese genuin urbane Musikkultur zur Kunstform veredelt und versucht, eine Musik zu erschaffen, die unseren Alltag dramatisch inszenieren kann. <\/p>\n<p>Auf Basis dieses k\u00fcnstlerischen Konzepts sowie den Partituren Hondas kollaboriert TRAVEL MUSICA mit vielf\u00e4ltigen internationalen K\u00fcnstler*innen und kreuzt die Stile und Generationen in der Musik grenzenlos.<\/p>\n<p><div class=\"ttfmake-embed-wrapper aligncenter\" style=\"max-width: 620px;\"><iframe loading=\"lazy\" width=\"620\" height=\"349\" src=\"https:\/\/www.youtube.com\/embed\/Lvfm8ZfCqtE?feature=oembed\" frameborder=\"0\" allow=\"accelerometer; autoplay; encrypted-media; gyroscope; picture-in-picture\" allowfullscreen><\/iframe><\/div>\n<\/p>\n<p><div class=\"ttfmake-embed-wrapper aligncenter\" style=\"max-width: 620px;\"><iframe loading=\"lazy\" width=\"620\" height=\"349\" src=\"https:\/\/www.youtube.com\/embed\/Vt-YGUCkx7k?feature=oembed\" frameborder=\"0\" allow=\"accelerometer; autoplay; encrypted-media; gyroscope; picture-in-picture\" allowfullscreen><\/iframe><\/div>\n<\/p>\n<p><div class=\"ttfmake-embed-wrapper aligncenter\" style=\"max-width: 620px;\"><iframe loading=\"lazy\" width=\"620\" height=\"349\" src=\"https:\/\/www.youtube.com\/embed\/2JQZPzrxCbM?feature=oembed\" frameborder=\"0\" allow=\"accelerometer; autoplay; encrypted-media; gyroscope; picture-in-picture\" allowfullscreen><\/iframe><\/div>\n<\/p>\n<p><div class=\"ttfmake-embed-wrapper aligncenter\" style=\"max-width: 620px;\"><iframe loading=\"lazy\" width=\"620\" height=\"349\" src=\"https:\/\/www.youtube.com\/embed\/Df5_HFMBL9g?feature=oembed\" frameborder=\"0\" allow=\"accelerometer; autoplay; encrypted-media; gyroscope; picture-in-picture\" allowfullscreen><\/iframe><\/div>\n<\/p>\n<p><div class=\"ttfmake-embed-wrapper aligncenter\" style=\"max-width: 620px;\"><iframe loading=\"lazy\" width=\"620\" height=\"349\" src=\"https:\/\/www.youtube.com\/embed\/1UBMcRqcfbc?feature=oembed\" frameborder=\"0\" allow=\"accelerometer; autoplay; encrypted-media; gyroscope; picture-in-picture\" allowfullscreen><\/iframe><\/div>\n<\/p>\n<p><div class=\"ttfmake-embed-wrapper aligncenter\" style=\"max-width: 620px;\"><iframe loading=\"lazy\" src=\"https:\/\/player.vimeo.com\/video\/165224364?app_id=122963\" width=\"480\" height=\"272\" frameborder=\"0\" allow=\"autoplay; fullscreen\" allowfullscreen title=\"travelmusica workshop 2016 in Nagoya\"><\/iframe><\/div>\n<\/p>\n<p><div class=\"ttfmake-embed-wrapper aligncenter\" style=\"max-width: 620px;\"><iframe loading=\"lazy\" src=\"https:\/\/player.vimeo.com\/video\/146917224?app_id=122963\" width=\"620\" height=\"349\" frameborder=\"0\" allow=\"autoplay; fullscreen\" allowfullscreen title=\"Yuya Honda Portrait Concert 2014 in Tokyo \u672c\u7530\u7950\u4e5f\u30dd\u30fc\u30c8\u30ec\u30fc\u30c8\u30b3\u30f3\u30b5\u30fc\u30c8\"><\/iframe><\/div>\n<\/p>\n<p><div class=\"ttfmake-embed-wrapper aligncenter\" style=\"max-width: 620px;\"><iframe loading=\"lazy\" src=\"https:\/\/player.vimeo.com\/video\/116944181?app_id=122963\" width=\"620\" height=\"349\" frameborder=\"0\" allow=\"autoplay; fullscreen\" allowfullscreen title=\"Yuya Honda \/ travel musica 13.9.2014 (short ver.)\"><\/iframe><\/div>\n<\/p><\/div>\n<\/p><\/div>\n<\/p><\/div>\n<\/section>\n<section id=\"builder-section-1418414088800\" class=\"builder-section builder-section-prev-text builder-section-gallery builder-section-next-gallery builder-gallery-columns-3 builder-gallery-captions-reveal builder-gallery-captions-light builder-gallery-aspect-square\" style=\"\">\n<div class=\"builder-section-content\">\n<div class=\"builder-gallery-item\" onclick=\"return false;\">\n\t\t\t\t\t\t\t\t\t\t\t<\/div>\n<div class=\"builder-gallery-item last-2\" onclick=\"return false;\">\n\t\t\t\t\t\t\t\t\t\t\t<\/div>\n<\/p><\/div>\n<\/section>\n<section id=\"builder-section-1418414162258\" class=\"builder-section builder-section-prev-gallery builder-section-gallery builder-section-next-banner builder-gallery-columns-3 builder-gallery-captions-reveal builder-gallery-captions-light builder-gallery-aspect-square\" style=\"\">\n<div class=\"builder-section-content\">\n<div class=\"builder-gallery-item\" onclick=\"return false;\">\n\t\t\t\t\t\t\t\t\t\t\t<\/div>\n<div class=\"builder-gallery-item last-2\" onclick=\"return false;\">\n\t\t\t\t\t\t\t\t\t\t\t<\/div>\n<div class=\"builder-gallery-item last-3\" onclick=\"return false;\">\n\t\t\t\t\t\t\t\t\t\t\t<\/div>\n<\/p><\/div>\n<\/section>\n<section id=\"builder-section-1418414741320\" class=\"builder-section  builder-section-prev-gallery builder-section-banner builder-section-next-text\">\n<div class=\"builder-section-content cycle-slideshow\" data-cycle-log=\"false\" data-cycle-slides=\"div.builder-banner-slide\" data-cycle-swipe=\"true\" data-cycle-timeout=\"6000\" data-cycle-fx=\"scrollHorz\">\n<div class=\"builder-banner-slide content-position-none\" style=\"\">\n<div class=\"builder-banner-content\">\n<div class=\"builder-banner-inner-content\">\n\t\t\t\t\t\t\t\t\t<\/div>\n<\/p><\/div>\n<\/p><\/div>\n<div class=\"builder-banner-slide content-position-none\" style=\"background-image: url(&#039;http:\/\/riewatanabe.net\/wp-content\/uploads\/2014\/09\/Travel_Musica_121.jpg&#039;);\">\n<div class=\"builder-banner-content\">\n<div class=\"builder-banner-inner-content\">\n\t\t\t\t\t\t\t\t\t<\/div>\n<\/p><\/div>\n<\/p><\/div>\n<div class=\"builder-banner-slide content-position-none\" style=\"background-image: url(&#039;http:\/\/riewatanabe.net\/wp-content\/uploads\/2014\/09\/Travel_Musica_04.jpg&#039;);\">\n<div class=\"builder-banner-content\">\n<div class=\"builder-banner-inner-content\">\n\t\t\t\t\t\t\t\t\t<\/div>\n<\/p><\/div>\n<\/p><\/div>\n<div class=\"builder-banner-slide content-position-none\" style=\"background-image: url(&#039;http:\/\/riewatanabe.net\/wp-content\/uploads\/2014\/09\/29.11.2014-panel.jpg&#039;);\">\n<div class=\"builder-banner-content\">\n<div class=\"builder-banner-inner-content\">\n\t\t\t\t\t\t\t\t\t<\/div>\n<\/p><\/div>\n<\/p><\/div>\n<div class=\"cycle-prev\"><\/div>\n<div class=\"cycle-next\"><\/div>\n<div class=\"cycle-pager\"><\/div>\n<\/p><\/div>\n<\/section>\n<section id=\"builder-section-1425850517495\" class=\"builder-section builder-section-prev-banner builder-section-text builder-section-next-banner builder-text-columns-3\">\n<div class=\"builder-section-content\">\n<div class=\"builder-text-column builder-text-column-1\" id=\"builder-section-1425850517495-column-1\">\n\t\t\t\t\t\t\t\t\t\t\t\t\t\t<\/div>\n<div class=\"builder-text-column builder-text-column-2\" id=\"builder-section-1425850517495-column-2\">\n\t\t\t\t\t\t\t\t\t\t\t\t\t\t<\/div>\n<div class=\"builder-text-column builder-text-column-3\" id=\"builder-section-1425850517495-column-3\">\n\t\t\t\t\t\t\t\t\t\t\t\t\t\t<\/div>\n<\/p><\/div>\n<\/section>\n<section id=\"builder-section-1425850655951\" class=\"builder-section  builder-section-prev-text builder-section-banner builder-section-next-banner\">\n<div class=\"builder-section-content\">\n<div class=\"builder-banner-slide content-position-none\" style=\"\">\n<div class=\"builder-banner-content\">\n<div class=\"builder-banner-inner-content\">\n\t\t\t\t\t\t\t\t\t<\/div>\n<\/p><\/div>\n<\/p><\/div>\n<\/p><\/div>\n<\/section>\n<section id=\"builder-section-1467402502752\" class=\"builder-section  builder-section-prev-banner builder-section-banner builder-section-last\">\n<div class=\"builder-section-content\">\n\t\t\t\t\t\t\t<\/div>\n<\/section>\n","protected":false},"excerpt":{"rendered":"<p>Die TRAVEL MUSICA -High-powered CHING DONG Band- wurde 2014 von der in K\u00f6ln lebenden Perkussionistin Rie Watanabe gegr\u00fcndet, um die Musik des japanischen Komponisten Yuya Honda (1977-2004) in lebendiger Erinnerung zu halten und in neuen Kompositionen und Projekten weiterzuf\u00fchren. Die Band umfasst professionelle Musiker u.a. aus den Bereichen experimentelle und zeitgen\u00f6ssische Musik und freie Improvisation. &hellip;<\/p>\n","protected":false},"author":1,"featured_media":0,"parent":0,"menu_order":0,"comment_status":"closed","ping_status":"closed","template":"template-builder.php","meta":{"saved_in_kubio":false,"footnotes":""},"class_list":["post-429","page","type-page","status-publish","hentry"],"kubio_ai_page_context":{"short_desc":"","purpose":"general"},"_links":{"self":[{"href":"http:\/\/riewatanabe.net\/index.php?rest_route=\/wp\/v2\/pages\/429","targetHints":{"allow":["GET"]}}],"collection":[{"href":"http:\/\/riewatanabe.net\/index.php?rest_route=\/wp\/v2\/pages"}],"about":[{"href":"http:\/\/riewatanabe.net\/index.php?rest_route=\/wp\/v2\/types\/page"}],"author":[{"embeddable":true,"href":"http:\/\/riewatanabe.net\/index.php?rest_route=\/wp\/v2\/users\/1"}],"replies":[{"embeddable":true,"href":"http:\/\/riewatanabe.net\/index.php?rest_route=%2Fwp%2Fv2%2Fcomments&post=429"}],"version-history":[{"count":40,"href":"http:\/\/riewatanabe.net\/index.php?rest_route=\/wp\/v2\/pages\/429\/revisions"}],"predecessor-version":[{"id":1199,"href":"http:\/\/riewatanabe.net\/index.php?rest_route=\/wp\/v2\/pages\/429\/revisions\/1199"}],"wp:attachment":[{"href":"http:\/\/riewatanabe.net\/index.php?rest_route=%2Fwp%2Fv2%2Fmedia&parent=429"}],"curies":[{"name":"wp","href":"https:\/\/api.w.org\/{rel}","templated":true}]}}